 common divisor of 24 and b.
12
Suppose -3*a = m - 55, -5*m + 326 = 4*a - 6*a. Let c = m - 42. What is the greatest common divisor of 11 and c?
11
Let g be (3 - 24/4) + 18. What is the greatest common divisor of g and 120?
15
Let p(i) = 4*i**2 - 5*i + 7. Let u be p(-7). Let o be 3/6 - u/(-4). Calculate the highest common factor of 12 and o.
12
Let w be (2/4)/((-1)/(-26)). What is the highest common divisor of 13 and w?
13
Suppose 2*p + 8 = 80. Let k = 36 + 0. What is the greatest common divisor of k and p?
36
Suppose j - 70 = -4*j. What is the greatest common divisor of 126 and j?
14
Suppose 5*t = 0, -90 = -r - 4*t + 9. What is the greatest common factor of r and 9?
9
Let f(n) = n**3 - 5*n**2 + 6. Suppose 5*r - 107 + 27 = 0. Let s = -11 + r. Let q be f(s). Calculate the greatest common factor of 4 and q.
2
Let t(f) = 67*f**2 + 4*f - 3. Let i be t(1). What is the greatest common factor of i and 51?
17
Suppose -15*f + 60 = -10*f. Calculate the highest common factor of 36 and f.
12
Let n be -2*2*-1*-1. Let j be 1/n - 724/(-16). Suppose -h - 16 = -2*x, -4*x = -5*h + 11 - 37. Calculate the greatest common divisor of x and j.
9
Suppose 4*q + 3*v = 81, 5*v = 4*q - q - 97. Let n = q + -13. Let b(h) = h**3 + 22. Let m be b(0). Calculate the greatest common factor of n and m.
11
Suppose 2*a = -4*g + 276, a + 2 = 2*a. Calculate the highest common factor of 17 and g.
17
Let p = -51 + 31. Let w be (p/1)/(-3 - -2). What is the highest common divisor of w and 160?
20
Let j be (-15)/(-5) - (-6 + -2). What is the highest common factor of j and 99?
11
Suppose 11 = -3*w - 7. Let z = 5 - w. Calculate the highest common divisor of 1 and z.
1
Let u(l) = -l**3 + 7*l**2 - l + 15. Let g be u(7). Calculate the greatest common divisor of g and 6.
2
Suppose 4 = 3*v + d + d, 0 = -3*d - 3. What is the greatest common divisor of v and 1?
1
Let i = -1 - -4. Suppose -2*d + 17 = u, -4*d + 5 + 2 = u. Calculate the highest common factor of u and i.
3
Suppose -2*i + 4*i = 40. Calculate the greatest common divisor of 60 and i.
20
Suppose 25 = d + 4*n, -d + 3*n + 7 + 11 = 0. What is the greatest common factor of 21 and d?
21
Suppose 3*m = 5*c + 932, 4*m - 283 = 5*c + 968. What is the highest common divisor of m and 29?
29
Let j be (-5 + 5)/(1 - -1). Suppose -4*m = -3*l + 6, -m - 3*l + j = -6. Suppose -3*q = -m*q - 3. Calculate the highest common factor of q and 9.
1
Suppose -5*u + 5*p = -45, -2*u = -0*u + p - 9. Suppose 0*v = -h + 3*v + u, 5*h - 2*v - 43 = 0. Calculate the greatest common factor of h and 72.
9
Let t be (-10)/(2 - (-2 + 3)). Let b = t - -17. Calculate the greatest common divisor of 49 and b.
7
Let x(d) = -d + 35. Suppose -2*s + 2*y = -6, -5*s + 3*y - y + 6 = 0. Let h be x(s). What is the highest common factor of 7 and h?
7
Let l = 46 - 22. Let q = 16 + l. Calculate the highest common divisor of 16 and q.
8
Let j(l) = 11*l**3 + 2*l**2 - l. Let y be j(1). Let i = y + -3. Let b(f) = -f - 5. Let r be b(-6). Calculate the greatest common factor of i and r.
1
Suppose -5*d = -4*p + 3*p - 648, 4*d + 4*p = 528. Calculate the greatest common divisor of 26 and d.
26
Let s = 11 + -6. Suppose 0 = s*n - 10. Suppose 2*l - 22 = n. Calculate the greatest common factor of 8 and l.
4
Suppose 3*k + k + 3*y - 9 = 0, -5*k = 3*y - 12. Calculate the greatest common divisor of k and 27.
3
Suppose -5*d + 6*p = 3*p - 231, -4*d + 5*p + 177 = 0. Suppose 3*r + 2*r = 15. Suppose -r*s - s + d = 0. Calculate the highest common factor of 6 and s.
6
Let d be (-2)/((-6)/(-81)) - -3. Let l be ((-18)/d)/((-1)/(-36)). Calculate the greatest common divisor of l and 27.
27
Suppose -3*r + 8*r = 90. Calculate the highest common divisor of r and 198.
18
Let u be (-5)/(-1) + -2 + -2. Calculate the highest common factor of u and 1.
1
Suppose 0 = 3*c - 4*o - 112 + 16, -5*c - 3*o = -189. What is the greatest common divisor of 90 and c?
18
Let u = -5 + 27. What is the highest common divisor of 11 and u?
11
Let l = -19 + 37. What is the highest common factor of 198 and l?
18
Suppose -127 - 104 = -3*j. Let c = 10 - 3. Calculate the greatest common divisor of j and c.
7
Suppose -80 - 80 = -4*p. Calculate the greatest common factor of 5 and p.
5
Let o = -511 + 764. Calculate the greatest common factor of 11 and o.
11
Let u be -1 + 60 + (3 - 2). Suppose -3*a + 8*a - u = 0. Calculate the highest common factor of a and 84.
12
Let i(g) = 2*g**2 - 10*g. Let a be i(7). Let h(v) = v**2 - 3*v - 14. Let l be h(-4). What is the greatest common divisor of l and a?
14
Let f be 19/(-3) - 1/(-3). Let g(b) = b**2 + 6*b + 9. Let v be g(f). Suppose t = -3*w + 5*t + 7, 2*t = -2*w. Calculate the highest common divisor of v and w.
1
Suppose -2*u = t - 22, 5*u - 3*u + 20 = 2*t. What is the greatest common factor of 7 and t?
7
Suppose 2*o - 16 = -3*j, -6*j + 8 = -4*j + 2*o. What is the highest common divisor of 2 and j?
2
Let p(s) = -s**2 + 16*s - 14. Let a be p(13). What is the highest common divisor of a and 175?
25
Suppose 5*l = -7*l + 144. What is the greatest common factor of l and 3?
3
Let b be 3998/4 + 3/(-6). Suppose -4*t + 189 + b = 0. Suppose 0 = 2*m + m - t. Calculate the highest common factor of 11 and m.
11
Let f be (0 - -33)/((-12)/(-8)). Calculate the highest common divisor of f and 2.
2
Let l(z) = 4*z. Suppose -5*y = -34 + 9. Let p be l(y). What is the greatest common divisor of p and 5?
5
Let r(f) = f**2 + 12*f - 12. Let n be r(-13). What is the highest common factor of 4 and n?
1
Suppose -4*n - x - 3*x + 60 = 0, 2*x = -2. Let v be (n - 1)*16/12. Calculate the highest common divisor of v and 8.
4
Let y = -86 + 156. Suppose y + 10 = 2*f. Let q(t) = 3*t + 1. Let o be q(3). Calculate the highest common factor of o and f.
10
Let d(f) = -2*f + 4. Let q be d(-5). Let n = 38 - q. Suppose -3*s = -0*s - n. What is the greatest common divisor of s and 88?
8
Suppose 0*z - 21 = -3*z. Let m(j) = 24*j + 5. Let c be m(3). Calculate the greatest common divisor of c and z.
7
Let r be 4/(-6) + 98/21. Suppose 3*l - 29 = -p, p - 131 = -3*p + 3*l. What is the highest common factor of r and p?
4
Let p be (-2 + (-39)/(-6))*2. What is the highest common factor of p and 45?
9
Let i(j) be the second derivative of -35*j**3/6 - 2*j. Let a be i(-5). Suppose 0 = -3*t + a - 25. Calculate the highest common divisor of t and 10.
10
Suppose -3*v = 2*v. Suppose m = 5*k - 13, -2*k + v - 5 = 3*m. Calculate the greatest common factor of k and 14.
2
Let t(i) = -9*i + 2. Suppose 6*z = 4*z - 4. Let f be t(z). What is the highest common factor of f and 20?
20
Let g = -44 - -67. Calculate the greatest common factor of g and 253.
23
Let l = -29 - -37. Calculate the greatest common factor of 40 and l.
8
Let d be (-2)/4 - 522/(-12). Let y = d + -31. Let r be -2 + (-2 - -138) - 2. Calculate the greatest common factor of r and y.
12
Suppose 24 = w + 2*w. Suppose t - 18 = -0*t + 5*b, 3*t - 16 = -4*b. Calculate the highest common factor of w and t.
8
Suppose 2*j - 6 = -2*f, 4*f + 5*j - 2*j = 12. Suppose 3*q - 3*u - 78 = 0, 0*u - 3*u - 99 = -4*q. What is the greatest common factor of f and q?
3
Let p = 215 - 87. Suppose -179 = -9*w - 35. What is the highest common factor of w and p?
16
Let n be ((-7)/(42/(-20)) - 4)*-6. Calculate the highest common factor of 8 and n.
4
Suppose -4*a - 15 = 3*o, -o = -a + 3*a + 5. Suppose -3*m + m = a. Suppose -4*z + m*z = -40. Calculate the greatest common divisor of z and 40.
10
Suppose 4*v - 5*o + 3*o - 20 = 0, 5*o + 5 = v. Suppose 148 = v*z - 77. Calculate the highest common divisor of 9 and z.
9
Let m(w) = w**3 - 5*w**2 - 6*w + 6. Let j be m(6). Let q = 197 + 13. Suppose -4*c = -9*c + q. Calculate the greatest common factor of c and j.
6
Let u(z) = z**3 + 13*z**2 + 10*z + 3. Let y be u(-12). What is the highest common factor of 3 and y?
3
Suppose -2*s - 4*g + 14 = 0, -3*s + 5 = -0*s + 2*g. Let d be (-132)/(-1 + -1 - s). What is the greatest common divisor of d and 12?
12
Let h(j) = -2*j - 3. Let x be h(-3). Suppose -6*p = -x*p + 6. Let g be (40 + p - -2)*3. Calculate the highest common factor of 12 and g.
12
Let c = 15 + -15. Let h = 15 + c. What is the highest common factor of 165 and h?
15
Let p be (-35)/(-15) + 1/(-3). What is the greatest common factor of p and 2?
2
Suppose y - 6 - 163 = 0. Calculate the highest common factor o